[INFO] cloning repository https://github.com/mmrath/ara
[INFO] running `Command { std: "git" "-c" "credential.helper=" "-c" "credential.helper=/workspace/cargo-home/bin/git-credential-null" "clone" "--bare" "https://github.com/mmrath/ara" "/workspace/cache/git-repos/https%3A%2F%2Fgithub.com%2Fmmrath%2Fara", kill_on_drop: false }`
[INFO] [stderr] Cloning into bare repository '/workspace/cache/git-repos/https%3A%2F%2Fgithub.com%2Fmmrath%2Fara'...
[INFO] running `Command { std: "git" "rev-parse" "HEAD", kill_on_drop: false }`
[INFO] [stdout] f62eeac56a8ae3885a243e22314e6aae1fffdbc7
[INFO] building mmrath/ara against master#ff34b919075f35a1787659e9c448a34b06bab8de for issue-85264
[INFO] running `Command { std: "git" "clone" "/workspace/cache/git-repos/https%3A%2F%2Fgithub.com%2Fmmrath%2Fara" "/workspace/builds/worker-13/source", kill_on_drop: false }`
[INFO] [stderr] Cloning into '/workspace/builds/worker-13/source'...
[INFO] [stderr] done.
[INFO] validating manifest of git repo https://github.com/mmrath/ara on toolchain ff34b919075f35a1787659e9c448a34b06bab8de
[INFO] running `Command { std: "/workspace/cargo-home/bin/cargo" "+ff34b919075f35a1787659e9c448a34b06bab8de" "metadata" "--manifest-path" "Cargo.toml" "--no-deps", kill_on_drop: false }`
[INFO] started tweaking git repo https://github.com/mmrath/ara
[INFO] finished tweaking git repo https://github.com/mmrath/ara
[INFO] tweaked toml for git repo https://github.com/mmrath/ara written to /workspace/builds/worker-13/source/Cargo.toml
[INFO] crate git repo https://github.com/mmrath/ara already has a lockfile, it will not be regenerated
[INFO] running `Command { std: "/workspace/cargo-home/bin/cargo" "+ff34b919075f35a1787659e9c448a34b06bab8de" "fetch" "--manifest-path" "Cargo.toml", kill_on_drop: false }`
[INFO] [stderr]     Blocking waiting for file lock on package cache
[INFO] [stderr]     Blocking waiting for file lock on package cache
[INFO] running `Command { std: "docker" "create" "-v" "/var/lib/crater-agent-workspace/builds/worker-13/target:/opt/rustwide/target:rw,Z" "-v" "/var/lib/crater-agent-workspace/builds/worker-13/source:/opt/rustwide/workdir:ro,Z" "-v" "/var/lib/crater-agent-workspace/cargo-home:/opt/rustwide/cargo-home:ro,Z" "-v" "/var/lib/crater-agent-workspace/rustup-home:/opt/rustwide/rustup-home:ro,Z" "-e" "SOURCE_DIR=/opt/rustwide/workdir" "-e" "CARGO_TARGET_DIR=/opt/rustwide/target" "-e" "CARGO_HOME=/opt/rustwide/cargo-home" "-e" "RUSTUP_HOME=/opt/rustwide/rustup-home" "-w" "/opt/rustwide/workdir" "-m" "1610612736" "--user" "0:0" "--network" "none" "ghcr.io/rust-lang/crates-build-env/linux@sha256:20528e8c29e4536546f0102ce88568b16ea7538393a33fcca951030f7af10457" "/opt/rustwide/cargo-home/bin/cargo" "+ff34b919075f35a1787659e9c448a34b06bab8de" "metadata" "--no-deps" "--format-version=1", kill_on_drop: false }`
[INFO] [stdout] 8df4ca5db1c6a43a634ab93c6742bb4f7f77d819c20144c63903fe7271d26ceb
[INFO] [stderr] WARNING: Your kernel does not support swap limit capabilities or the cgroup is not mounted. Memory limited without swap.
[INFO] running `Command { std: "docker" "start" "-a" "8df4ca5db1c6a43a634ab93c6742bb4f7f77d819c20144c63903fe7271d26ceb", kill_on_drop: false }`
[INFO] running `Command { std: "docker" "inspect" "8df4ca5db1c6a43a634ab93c6742bb4f7f77d819c20144c63903fe7271d26ceb", kill_on_drop: false }`
[INFO] running `Command { std: "docker" "rm" "-f" "8df4ca5db1c6a43a634ab93c6742bb4f7f77d819c20144c63903fe7271d26ceb", kill_on_drop: false }`
[INFO] [stdout] 8df4ca5db1c6a43a634ab93c6742bb4f7f77d819c20144c63903fe7271d26ceb
[INFO] running `Command { std: "docker" "create" "-v" "/var/lib/crater-agent-workspace/builds/worker-13/target:/opt/rustwide/target:rw,Z" "-v" "/var/lib/crater-agent-workspace/builds/worker-13/source:/opt/rustwide/workdir:ro,Z" "-v" "/var/lib/crater-agent-workspace/cargo-home:/opt/rustwide/cargo-home:ro,Z" "-v" "/var/lib/crater-agent-workspace/rustup-home:/opt/rustwide/rustup-home:ro,Z" "-e" "SOURCE_DIR=/opt/rustwide/workdir" "-e" "CARGO_TARGET_DIR=/opt/rustwide/target" "-e" "CARGO_INCREMENTAL=0" "-e" "RUST_BACKTRACE=full" "-e" "RUSTFLAGS=--cap-lints=forbid" "-e" "CARGO_HOME=/opt/rustwide/cargo-home" "-e" "RUSTUP_HOME=/opt/rustwide/rustup-home" "-w" "/opt/rustwide/workdir" "-m" "1610612736" "--user" "0:0" "--network" "none" "ghcr.io/rust-lang/crates-build-env/linux@sha256:20528e8c29e4536546f0102ce88568b16ea7538393a33fcca951030f7af10457" "/opt/rustwide/cargo-home/bin/cargo" "+ff34b919075f35a1787659e9c448a34b06bab8de" "build" "--frozen" "--message-format=json", kill_on_drop: false }`
[INFO] [stdout] a75c0cabcc5ad31060ab9763504e42aa91985a64f9e8b839c4ae021616f29e40
[INFO] [stderr] WARNING: Your kernel does not support swap limit capabilities or the cgroup is not mounted. Memory limited without swap.
[INFO] running `Command { std: "docker" "start" "-a" "a75c0cabcc5ad31060ab9763504e42aa91985a64f9e8b839c4ae021616f29e40", kill_on_drop: false }`
[INFO] [stderr]    Compiling libc v0.2.51
[INFO] [stderr]    Compiling proc-macro2 v0.4.27
[INFO] [stderr]    Compiling unicode-xid v0.1.0
[INFO] [stderr]    Compiling syn v0.15.32
[INFO] [stderr]    Compiling cfg-if v0.1.7
[INFO] [stderr]    Compiling lazy_static v1.3.0
[INFO] [stderr]    Compiling scopeguard v0.3.3
[INFO] [stderr]    Compiling arrayvec v0.4.10
[INFO] [stderr]    Compiling nodrop v0.1.13
[INFO] [stderr]    Compiling memoffset v0.2.1
[INFO] [stderr]    Compiling rayon-core v1.4.1
[INFO] [stderr]    Compiling serde v1.0.90
[INFO] [stderr]    Compiling rayon v1.0.3
[INFO] [stderr]    Compiling either v1.5.2
[INFO] [stderr]    Compiling version_check v0.1.5
[INFO] [stderr]    Compiling autocfg v0.1.2
[INFO] [stderr]    Compiling memchr v2.2.0
[INFO] [stderr]    Compiling byteorder v1.3.1
[INFO] [stderr]    Compiling smallvec v0.6.9
[INFO] [stderr]    Compiling rand_core v0.4.0
[INFO] [stderr]    Compiling bitflags v1.0.4
[INFO] [stderr]    Compiling ucd-util v0.1.3
[INFO] [stderr]    Compiling num-traits v0.2.6
[INFO] [stderr]    Compiling regex v1.1.6
[INFO] [stderr]    Compiling semver-parser v0.7.0
[INFO] [stderr]    Compiling matches v0.1.8
[INFO] [stderr]    Compiling utf8-ranges v1.0.2
[INFO] [stderr]    Compiling ryu v0.2.7
[INFO] [stderr]    Compiling failure_derive v0.1.5
[INFO] [stderr]    Compiling percent-encoding v1.0.1
[INFO] [stderr]    Compiling traitobject v0.1.0
[INFO] [stderr]    Compiling rustc-demangle v0.1.14
[INFO] [stderr]    Compiling safemem v0.3.0
[INFO] [stderr]    Compiling itoa v0.4.3
[INFO] [stderr]    Compiling yansi v0.4.0
[INFO] [stderr]    Compiling yansi v0.5.0
[INFO] [stderr]    Compiling untrusted v0.6.2
[INFO] [stderr]    Compiling httparse v1.3.3
[INFO] [stderr]    Compiling num-integer v0.1.39
[INFO] [stderr]    Compiling quick-error v1.2.2
[INFO] [stderr]    Compiling glob v0.2.11
[INFO] [stderr]    Compiling typeable v0.1.2
[INFO] [stderr]    Compiling language-tags v0.2.2
[INFO] [stderr]    Compiling stable_deref_trait v1.1.1
[INFO] [stderr]    Compiling state v0.4.1
[INFO] [stderr]    Compiling unicode-width v0.1.5
[INFO] [stderr]    Compiling indexmap v1.0.2
[INFO] [stderr]    Compiling antidote v1.0.0
[INFO] [stderr]    Compiling pq-sys v0.4.6
[INFO] [stderr]    Compiling bindgen v0.48.1
[INFO] [stderr]    Compiling ucd-trie v0.1.1
[INFO] [stderr]    Compiling termcolor v1.0.4
[INFO] [stderr]    Compiling maplit v1.0.1
[INFO] [stderr]    Compiling peeking_take_while v0.1.2
[INFO] [stderr]    Compiling same-file v1.0.4
[INFO] [stderr]    Compiling linked-hash-map v0.5.2
[INFO] [stderr]    Compiling serde v0.8.23
[INFO] [stderr]    Compiling remove_dir_all v0.5.1
[INFO] [stderr]    Compiling unicode-segmentation v1.2.1
[INFO] [stderr]    Compiling lazycell v1.2.1
[INFO] [stderr]    Compiling slab v0.4.2
[INFO] [stderr]    Compiling crc32fast v1.2.0
[INFO] [stderr]    Compiling if_chain v0.1.3
[INFO] [stderr]    Compiling futures v0.1.26
[INFO] [stderr]    Compiling lazy_static v0.2.11
[INFO] [stderr]    Compiling scopeguard v1.0.0
[INFO] [stderr]    Compiling rust-ini v0.13.0
[INFO] [stderr]    Compiling strum v0.15.0
[INFO] [stderr]    Compiling dtoa v0.4.3
[INFO] [stderr]    Compiling fnv v1.0.6
[INFO] [stderr]    Compiling log-mdc v0.1.0
[INFO] [stderr]    Compiling arc-swap v0.3.11
[INFO] [stderr]    Compiling hex v0.3.2
[INFO] [stderr]    Compiling ara-test-utils v0.1.0 (/opt/rustwide/workdir/ara-test-utils)
[INFO] [stderr]    Compiling crossbeam-utils v0.2.2
[INFO] [stderr]    Compiling thread_local v0.3.6
[INFO] [stderr]    Compiling unicode-bidi v0.3.4
[INFO] [stderr]    Compiling unsafe-any v0.4.2
[INFO] [stderr]    Compiling humantime v1.2.0
[INFO] [stderr]    Compiling regex-syntax v0.6.6
[INFO] [stderr]    Compiling owning_ref v0.4.0
[INFO] [stderr]    Compiling semver v0.9.0
[INFO] [stderr]    Compiling rand_core v0.3.1
[INFO] [stderr]    Compiling rand_jitter v0.1.3
[INFO] [stderr]    Compiling textwrap v0.11.0
[INFO] [stderr]    Compiling unicode-normalization v0.1.8
[INFO] [stderr]    Compiling scheduled-thread-pool v0.2.0
[INFO] [stderr]    Compiling walkdir v2.2.7
[INFO] [stderr]    Compiling pest v2.1.1
[INFO] [stderr]    Compiling yaml-rust v0.4.3
[INFO] [stderr]    Compiling typemap v0.3.3
[INFO] [stderr]    Compiling rand_xorshift v0.1.1
[INFO] [stderr]    Compiling rand_hc v0.1.0
[INFO] [stderr]    Compiling rand_isaac v0.1.1
[INFO] [stderr]    Compiling lock_api v0.1.5
[INFO] [stderr]    Compiling rand_pcg v0.1.2
[INFO] [stderr]    Compiling backtrace v0.3.15
[INFO] [stderr]    Compiling rand_chacha v0.1.1
[INFO] [stdout] error[E0658]: trait bounds other than `Sized` on const fn parameters are unstable
[INFO] [stdout]   --> /opt/rustwide/cargo-home/registry/src/github.com-1ecc6299db9ec823/lock_api-0.1.5/src/mutex.rs:99:6
[INFO] [stdout]    |
[INFO] [stdout] 99 | impl<R: RawMutex, T> Mutex<R, T> {
[INFO] [stdout]    |      ^
[INFO] [stdout]    |
[INFO] [stdout]    = note: see issue #57563 <https://github.com/rust-lang/rust/issues/57563> for more information
[INFO] [stdout]    = help: add `#![feature(const_fn_trait_bound)]` to the crate attributes to enable
[INFO] [stdout] 
[INFO] [stdout] 
[INFO] [stderr]    Compiling rand v0.6.5
[INFO] [stdout] error[E0658]: trait bounds other than `Sized` on const fn parameters are unstable
[INFO] [stdout]    --> /opt/rustwide/cargo-home/registry/src/github.com-1ecc6299db9ec823/lock_api-0.1.5/src/remutex.rs:150:6
[INFO] [stdout]     |
[INFO] [stdout] 150 | impl<R: RawMutex, G: GetThreadId, T> ReentrantMutex<R, G, T> {
[INFO] [stdout]     |      ^
[INFO] [stdout]     |
[INFO] [stdout]     = note: see issue #57563 <https://github.com/rust-lang/rust/issues/57563> for more information
[INFO] [stdout]     = help: add `#![feature(const_fn_trait_bound)]` to the crate attributes to enable
[INFO] [stdout] 
[INFO] [stdout] 
[INFO] [stdout] error[E0658]: trait bounds other than `Sized` on const fn parameters are unstable
[INFO] [stdout]    --> /opt/rustwide/cargo-home/registry/src/github.com-1ecc6299db9ec823/lock_api-0.1.5/src/remutex.rs:150:19
[INFO] [stdout]     |
[INFO] [stdout] 150 | impl<R: RawMutex, G: GetThreadId, T> ReentrantMutex<R, G, T> {
[INFO] [stdout]     |                   ^
[INFO] [stdout]     |
[INFO] [stdout]     = note: see issue #57563 <https://github.com/rust-lang/rust/issues/57563> for more information
[INFO] [stdout]     = help: add `#![feature(const_fn_trait_bound)]` to the crate attributes to enable
[INFO] [stdout] 
[INFO] [stdout] 
[INFO] [stdout] error[E0658]: trait bounds other than `Sized` on const fn parameters are unstable
[INFO] [stdout]    --> /opt/rustwide/cargo-home/registry/src/github.com-1ecc6299db9ec823/lock_api-0.1.5/src/rwlock.rs:236:6
[INFO] [stdout]     |
[INFO] [stdout] 236 | impl<R: RawRwLock, T> RwLock<R, T> {
[INFO] [stdout]     |      ^
[INFO] [stdout]     |
[INFO] [stdout]     = note: see issue #57563 <https://github.com/rust-lang/rust/issues/57563> for more information
[INFO] [stdout]     = help: add `#![feature(const_fn_trait_bound)]` to the crate attributes to enable
[INFO] [stdout] 
[INFO] [stdout] 
[INFO] [stdout] error: aborting due to 4 previous errors
[INFO] [stdout] 
[INFO] [stdout] 
[INFO] [stdout] For more information about this error, try `rustc --explain E0658`.
[INFO] [stdout] 
[INFO] [stderr] error: could not compile `lock_api`
[INFO] [stderr] 
[INFO] [stderr] To learn more, run the command again with --verbose.
[INFO] [stderr] warning: build failed, waiting for other jobs to finish...
[INFO] [stderr] error: build failed
[INFO] running `Command { std: "docker" "inspect" "a75c0cabcc5ad31060ab9763504e42aa91985a64f9e8b839c4ae021616f29e40", kill_on_drop: false }`
[INFO] running `Command { std: "docker" "rm" "-f" "a75c0cabcc5ad31060ab9763504e42aa91985a64f9e8b839c4ae021616f29e40", kill_on_drop: false }`
[INFO] [stdout] a75c0cabcc5ad31060ab9763504e42aa91985a64f9e8b839c4ae021616f29e40
